nd r?
17
Let s(i) = 4*i + 72. Let d be s(9). Calculate the greatest common divisor of d and 27.
27
Let a = -504 - -509. Suppose -4*m + 2*q = 82 - 252, -150 = -4*m - 2*q. Calculate the greatest common factor of m and a.
5
Let v(h) = -4*h - 13. Let g be v(-4). Let i be (3 - 6/g)/((-5)/(-45)). Calculate the greatest common factor of 9 and i.
9
Suppose 6*i - 360 = i. Suppose i = 3*j - 24. Suppose -j - 1 = -3*b. What is the highest common factor of b and 44?
11
Suppose -3*l - 490 = -4*a, 3*l = 4*a + a - 494. Let o = l - -174. Let y(g) = 81*g - 2. Let z be y(2). What is the highest common divisor of z and o?
16
Let f = 980 + -928. What is the greatest common factor of f and 3?
1
Suppose 3*n + 1 + 20 = 0. Let r = n + 6. Let d be -10*r/(-3)*-3. What is the highest common factor of d and 50?
10
Let q = -949 + 1576. Calculate the highest common factor of 57 and q.
57
Let u(i) = 3*i**2 - 2*i - 4 + 4*i**2 + 2. Let b be u(-2). Let o = -12 - -24. Calculate the greatest common divisor of b and o.
6
Suppose 0 = 50*j - 748 - 602. What is the greatest common divisor of j and 27?
27
Let b be (2 - (-69)/9) + 4/12. Calculate the highest common divisor of 70 and b.
10
Suppose p = 3*p - 8. Suppose 0 = a - 4*h + 2*h - 7, 0 = -3*a - p*h + 21. Let l = 175 - 119. What is the greatest common factor of a and l?
7
Let m(w) = 117*w**3 - w + 1. Let z be m(1). Let r = -781 - -794. What is the highest common divisor of r and z?
13
Suppose -d = -l - 19, 2*l + 64 = 4*d + 4*l. Let m = -22 - -90. What is the greatest common divisor of d and m?
17
Let r = 1 + 5. Suppose 0 = r*q - 7*q - 7. Let n = q - -8. Calculate the greatest common factor of 1 and n.
1
Let m = 8 - 6. Let b(i) = i + 1. Let u be b(-4). Let q(s) = s**2 - 2*s - 1. Let p be q(u). Calculate the greatest common factor of m and p.
2
Suppose 2 = 2*d - 0. Suppose -2*j = 4*h + d - 13, -3*j = -4*h - 28. Let u be (12/10)/(j/100). Calculate the highest common divisor of 30 and u.
15
Let r be (2 + -8*3/21)*7. Calculate the greatest common divisor of r and 30.
6
Let o = 822 + -820. What is the highest common divisor of 388 and o?
2
Let l = -85 - -89. Let o(w) = 2*w**2 + 4. Let s be o(l). What is the greatest common divisor of s and 9?
9
Let w(d) = -13*d + 1. Let v be w(-2). Suppose 99 = 19*r + 327. Let z be (3 + -15)*v/r. Calculate the highest common divisor of 3 and z.
3
Suppose -5*r = -3*d - 49, -4*d - d = 2*r - 1. Let t be r/(-10) - (-638)/10. Calculate the highest common divisor of t and 9.
9
Let x = 16 + -9. Suppose -22 = 7*u - 5*u. Let f = 18 + u. What is the highest common divisor of f and x?
7
Let d(o) = -4*o - 5. Let c(i) = -21*i - 26. Let a(l) = 2*c(l) - 11*d(l). Let n be a(3). Calculate the greatest common divisor of 6 and n.
3
Let t be -6*(-11)/12*-4*1. Let n = -14 - t. Let z(a) = -a**2 - a + 8. Let d be z(0). What is the greatest common divisor of n and d?
8
Let a(m) = -m**3 + 7*m**2 - 11*m + 5. Let k be a(4). Suppose 10*o - k*o = 18. Calculate the greatest common factor of o and 144.
18
Let w be (6/(-4))/((-9)/624). Let g be 11*1 + -5 + 9 + -2. Calculate the highest common divisor of g and w.
13
Suppose 2*j - 97 = -3*y - 2*y, 3*j - 183 = 5*y. Let p = 71 + -41. Let w = 37 - p. What is the greatest common divisor of j and w?
7
Suppose 89*p - 84*p - 200 = 0. What is the highest common divisor of 55 and p?
5
Suppose -108 = -4*w + 4*n, 2*n + 0 - 15 = -w. What is the greatest common factor of w and 207?
23
Let f be (1 - (-279)/(-15))/((-6)/15). Let t = 46 - f. Let n be (-1)/(1*(-1)/14). What is the greatest common divisor of t and n?
2
Suppose -x - 22 = 3*h - 5*h, 0 = 3*h + 5*x - 33. Suppose 7*j = 3*j - 124. Let b = j + 53. Calculate the greatest common divisor of h and b.
11
Let t be (-7 - 2)/3 + -3. Let z be (3/t)/((-1)/(-18)). Let o be 48/z*(2 - 5). Calculate the highest common factor of 4 and o.
4
Suppose -5*g = 4*k - 56, 2*g - 14 = -k + g. Suppose 3*b + 2 = -x - 6, -5*b = x + k. Let p = 0 - -2. What is the highest common divisor of p and x?
1
Let b(q) = q**3 + 65*q**2 - 136*q + 127. Let r be b(-67). Calculate the greatest common factor of 27 and r.
9
Suppose -25 = 5*x, 0 = 6*f - 4*f + x - 1. Suppose -11 = f*q - 56. Suppose l = -4*l + 150. What is the highest common factor of q and l?
15
Let q be (-12)/(-4) + 1 + 9 + -7. Calculate the highest common factor of q and 96.
6
Suppose 9*g - 6*g + 3*q - 324 = 0, g - 3*q - 108 = 0. What is the greatest common factor of g and 12?
12
Suppose -47 = -2*v + 6*x - 7*x, 2*v + 5*x - 67 = 0. Suppose -2*b + 252 = 2*b. What is the greatest common divisor of v and b?
21
Let x(l) = -7 + 24 - 5 + l**3 - 7*l**2 + 7*l - 13. Let m be x(6). What is the greatest common factor of m and 80?
5
Suppose w - 2 = -3*y - 5, w + 5 = -5*y. Suppose -4*k + 2*o + 241 = 63, -3*k - 4*o + 106 = w. What is the highest common divisor of 63 and k?
21
Suppose 5*n = -3*j + 284, n = 270*j - 265*j - 464. What is the greatest common factor of 93 and j?
93
Let i(h) = -h**3 - 8*h**2 + 3*h - 32. Let w be i(-9). What is the greatest common divisor of w and 407?
11
Let u(x) = -x**2 + 7*x + 66. Let w be u(11). Calculate the greatest common factor of 231 and w.
11
Suppose -5*c + 4*v + 538 - 196 = 0, -3*c + 2*v + 204 = 0. What is the greatest common divisor of 396 and c?
66
Suppose -2*o + 275 = 3*o. Let n be 4/((-8)/4 - -6 - 2). Let j be (2*n/(-4))/((-5)/25). Calculate the highest common divisor of j and o.
5
Let k(b) = -3*b + 5. Let j be k(-9). Let p = 34 - j. Let z = 16 - 11. Calculate the greatest common factor of p and z.
1
Let b be ((-6)/(-14))/((-4)/(-28)). Let v be ((-84)/16)/(b/(-8)). Calculate the highest common divisor of v and 112.
14
Let g(i) be the third derivative of -i**6/120 - i**5/15 + 5*i**4/24 + i**3/3 - 8*i**2. Let v be g(-5). Calculate the highest common factor of v and 8.
2
Let o(t) = t**2 - 2*t - 2. Suppose 8*s = 7*s - 1. Let n be o(s). Let b be (12 - 13)/(n/(-8)). Calculate the greatest common factor of b and 8.
8
Let t be -2 - (-5)/2 - 249/(-6). Calculate the greatest common factor of 28 and t.
14
Suppose 5*q - 233 + 53 = 0. Let v = -27 + q. Suppose 8*c - v*c = -20. What is the greatest common divisor of c and 160?
20
Suppose 0*l = j - 3*l - 283, l = 5*j - 1401. What is the highest common factor of 35 and j?
35
Let m(j) = -j**2 - 6*j - 6. Suppose -18*s = -10*s + 32. Let f be m(s). Calculate the highest common divisor of f and 26.
2
Suppose 4*m = 7*m - 36. Suppose -428 = -4*s - 2*a, s - 4*a = -28 + 144. What is the highest common divisor of s and m?
12
Let g be 130 - (2 - 2 - 2). Let x(h) = -1 - 23 + 2*h + h + 3*h. Let f be x(6). Calculate the highest common divisor of g and f.
12
Let d = 724 - 508. Calculate the greatest common divisor of 120 and d.
24
Suppose 5*w = 10*w - 10. Suppose -3*d - 4*g + 458 = 0, w*d + 4*g - 50 = 254. What is the highest common factor of 22 and d?
22
Let a(p) = p + 24. Let z be a(-21). What is the greatest common factor of 147 and z?
3
Let u = -545 - -593. What is the greatest common divisor of 112 and u?
16
Suppose u = -6*u + 259. Let v = -34 + u. Suppose 0 = -4*t + d + 528, d + 378 = v*t - 18. What is the highest common divisor of 12 and t?
12
Let h(r) = 41*r - 174. Let a be h(6). What is the greatest common factor of 108 and a?
36
Suppose 0 = -n - 2*n. Let h = -24 + 34. Suppose h = d - n*d. What is the highest common factor of 20 and d?
10
Suppose -263 = 8*r - 311. What is the greatest common factor of r and 12?
6
Suppose 24*b - 891 = -27. Calculate the highest common divisor of 180 and b.
36
Let g = -48 - -63. Suppose -3*b = -4*b + g. Calculate the greatest common divisor of 45 and b.
15
Let l = 7 + -7. Let x(f) = f + 165. Let y be x(l). Let h = 292 + -226. What is the greatest common factor of h and y?
33
Let o = 298 - 154. Suppose 74*q - o = 70*q. Calculate the highest common divisor of q and 24.
12
Let t = 1020 + -261. What is the greatest common divisor of 33 and t?
33
Let n(c) = 3*c**2 - 9*c - 47. Let f be n(-6). Calculate the highest common divisor of 5 and f.
5
Suppose -7*d + d = 48. Let s(q) = -7*q + 1. Let j be s(d). What is the greatest common factor of 38 and j?
19
Let n(o) = 94*o**2 - 10*o + 4. Let k be n(-2). What is the greatest common divisor of k and 64?
16
Let g = -396 + 418. Calculate the highest common divisor of 11 and g.
11
Let w be 1/(9/8 + -1